1673 is divided by 32.
9
What is the remainder when 27228 is divided by 2263?
72
Calculate the remainder when 13375 is divided by 30.
25
What is the remainder when 50160 is divided by 25?
10
Calculate the remainder when 158177 is divided by 1566.
11
Calculate the remainder when 121276 is divided by 34.
32
What is the remainder when 691 is divided by 46?
1
Calculate the remainder when 47420 is divided by 127.
49
What is the remainder when 22612 is divided by 86?
80
Calculate the remainder when 7020 is divided by 16.
12
Calculate the remainder when 4018 is divided by 370.
318
Calculate the remainder when 339 is divided by 168.
3
What is the remainder when 252101 is divided by 90?
11
Calculate the remainder when 90832 is divided by 23.
5
What is the remainder when 2231666 is divided by 1346?
1344
Calculate the remainder when 294992 is divided by 8428.
12
Calculate the remainder when 2170 is divided by 25.
20
What is the remainder when 5811 is divided by 1824?
339
Calculate the remainder when 13797 is divided by 30.
27
What is the remainder when 108352 is divided by 168?
160
Calculate the remainder when 10463 is divided by 148.
103
What is the remainder when 39365 is divided by 296?
293
What is the remainder when 4578947 is divided by 682?
681
What is the remainder when 631 is divided by 89?
8
Calculate the remainder when 1451 is divided by 129.
32
What is the remainder when 141699 is divided by 339?
336
What is the remainder when 319247 is divided by 79809?
11
Calculate the remainder when 88852 is divided by 4676.
8
What is the remainder when 110784 is divided by 13?
11
Calculate the remainder when 1231 is divided by 472.
287
What is the remainder when 6647 is divided by 3196?
255
What is the remainder when 125817 is divided by 54?
51
What is the remainder when 704 is divided by 347?
10
What is the remainder when 22594 is divided by 113?
107
Calculate the remainder when 1318 is divided by 1222.
96
Calculate the remainder when 41873 is divided by 722.
719
Calculate the remainder when 1053 is divided by 926.
127
Calculate the remainder when 394265 is divided by 1184.
1177
Calculate the remainder when 6783 is divided by 1343.
68
Calculate the remainder when 2494 is divided by 1238.
18
What is the remainder when 638 is divided by 106?
2
What is the remainder when 3275 is divided by 1054?
113
Calculate the remainder when 20866 is divided by 34.
24
What is the remainder when 533502 is divided by 37?
36
What is the remainder when 268783 is divided by 55?
53
Calculate the remainder when 11813 is divided by 907.
22
What is the remainder when 3078 is divided by 4?
2
What is the remainder when 743351 is divided by 141?
140
What is the remainder when 270318 is divided by 161?
160
Calculate the remainder when 495058 is divided by 740.
738
Calculate the remainder when 145692 is divided by 161.
148
What is the remainder when 1832 is divided by 58?
34
What is the remainder when 509 is divided by 143?
80
What is the remainder when 35732 is divided by 1880?
12
Calculate the remainder when 70777 is divided by 319.
278
What is the remainder when 198742 is divided by 459?
454
Calculate the remainder when 1002 is divided by 285.
147
Calculate the remainder when 10686 is divided by 2238.
1734
What is the remainder when 23367 is divided by 371?
365
What is the remainder when 1879 is divided by 220?
119
What is the remainder when 20007 is divided by 140?
127
Calculate the remainder when 44976 is divided by 181.
88
What is the remainder when 4690 is divided by 189?
154
Calculate the remainder when 6699 is divided by 256.
43
Calculate the remainder when 8093 is divided by 18.
11
What is the remainder when 1507 is divided by 1327?
180
Calculate the remainder when 10199 is divided by 148.
135
What is the remainder when 618 is divided by 198?
24
Calculate the remainder when 1748 is divided by 1748.
0
Calculate the remainder when 1985 is divided by 511.
452
Calculate the remainder when 262 is divided by 43.
4
What is the remainder when 12603 is divided by 19?
6
Calculate the remainder when 30297 is divided by 297.
3
What is the remainder when 3105604 is divided by 269?
268
What is the remainder when 5723 is divided by 17?
11
What is the remainder when 840 is divided by 48?
24
Calculate the remainder when 956 is divided by 467.
22
Calculate the remainder when 1936 is divided by 278.
268
Calculate the remainder when 25929 is divided by 485.
224
What is the remainder when 51880 is divided by 141?
133
Calculate the remainder when 27068 is divided by 23.
20
Calculate the remainder when 16949 is divided by 257.
244
Calculate the remainder when 17190 is divided by 169.
121
What is the remainder when 405 is divided by 131?
12
Calculate the remainder when 23359 is divided by 177.
172
Calculate the remainder when 5007 is divided by 1001.
2
What is the remainder when 13988 is divided by 191?
45
What is the remainder when 7589 is divided by 282?
257
What is the remainder when 7027 is divided by 2299?
130
What is the remainder when 2864 is divided by 461?
98
What is the remainder when 16754 is divided by 21?
17
Calculate the remainder when 7050 is divided by 2180.
510
Calculate the remainder when 52411 is divided by 490.
471
What is the remainder when 2269 is divided by 68?
25
What is the remainder when 377314 is divided by 223?
221
Calculate the remainder when 353008 is divided by 13.
6
What is the remainder when 47022 is divided by 75?
72
Calculate the remainder when 131457 is divided by 21.
18
What is the remainder when 1614029 is divided by 361?
359
Calculate the remainder when 8952 is divided by 31.
24
What is the remainder when 38546 is divided by 2405?
66
What is the remainder when 1177 is divided by 287?
29
What is the remainder when 28554 is divided by 1427?
14
What is the remainder when 43645 is divided by 90?
85
What is the remainder when 2824 is divided by 77?
52
What is the remainder when 1469 is divided by 443?
140
Calculate the remainder when 133898 is divided by 4.
2
What is the remainder when 72773 is divided by 24213?
134
Calculate the remainder when 389838 is divided by 21.
15
What is the remainder when 34928 is divided by 99?
80
What is the remainder when 3055672 is divided by 665?
662
Calculate the remainder when 11608 is divided by 27.
25
Calculate the remainder when 529800 is divided by 3418.
10
What is the remainder when 985710 is divided by 91?
89
Calculate the remainder when 3861 is divided by 3744.
117
What is the remainder when 20561 is divided by 136?
25
Calculate the remainder when 16803 is divided by 139.
123
What is the remainder when 2947 is divided by 304?
211
Calculate the remainder when 356938 is divided by 135.
133
Calculate the remainder when 124019 is divided by 179.
151
What is the remainder when 3804 is divided by 10?
4
Calculate the remainder when 16756 is divided by 5546.
118
Calculate the remainder when 12228 is divided by 12218.
10
What is the remainder when 302776 is divided by 1?
0
Calculate the remainder when 455 is divided by 358.
97
What is the remainder when 44221 is divided by 63?
58
What is the remainder when 31712 is divided by 26?
18
What is the remainder when 27303 is divided by 1241?
1
What is the remainder when 10666 is divided by 629?
602
Calculate the remainder when 59486 is divided by 338.
336
Calculate the remainder when 4121159 is divided by 915.
914
Calculate the remainder when 646403 is divided by 806.
797
Calculate the remainder when 4166 is divided by 993.
194
Calculate the remainder when 209003 is divided by 168.
11
Calculate the remainder when 248 is divided by 179.
69
What is the remainder when 28680 is divided by 14339?
2
What is the remainder when 100 is divided by 6?
4
What is the remainder when 40106 is divided by 6?
2
Calculate the remainder when 6882 is divided by 1142.
30
What is the remainder when 93851 is divided by 36?
35
What is the remainder when 16043 is divided by 15752?
291
What is the remainder when 8699 is divided by 4326?
47
What is the remainder when 5326 is divided by 158?
112
Calculate the remainder when 129471 is divided by 18.
15
Calculate the remainder when 58293 is divided by 12.
9
What is the remainder when 256133 is divided by 17?
11
What is the remainder when 2109 is divided by 246?
141
W